. What is the greatest common divisor of 231 and c?
33
Let f be (-2 - 10) + 0/(-6). Let d be f*(-2)/18*-6. Let m(u) = u**3 + 8*u**2 + 7. Let y be m(d). Calculate the greatest common divisor of 28 and y.
7
Let d be (-468)/130*425/(-2). Calculate the highest common divisor of 90 and d.
45
Let z = 50 + -35. Suppose 0*k = -7*k + 14. Suppose -k*f = f - z. What is the greatest common divisor of f and 45?
5
Let a be 33800/70 - (-2)/14. Let k = a + -132. What is the greatest common divisor of k and 39?
39
Let u = 7 - -18. Suppose -19 = 5*i - 3*r + 41, -i = r + 20. Let f = i + u. Calculate the highest common factor of 90 and f.
10
Let s = -105 - -133. What is the highest common factor of s and 70?
14
Let d = 56 + -49. Let l(v) = -2*v**3 - 3 + 3*v**3 + 6 - 6*v**2 - 6*v. Let g be l(d). What is the greatest common factor of g and 110?
10
Let d(z) = z**3 + 7*z**2 + 7*z. Let x be d(-6). Let n(a) = -5*a + 2. Let q be n(x). Let p = 263 + -255. What is the highest common factor of p and q?
8
Suppose 4*p = 160 + 88. Let i = p - 34. Suppose i = -3*q + 82. Calculate the greatest common divisor of 45 and q.
9
Suppose -z + 15 = -18. Suppose -3*v = -159 + z. What is the highest common factor of 56 and v?
14
Let q be 48/5 - (-4)/10. Let c = 14 - q. Let g be 43 - 0 - (-41 + 48). Calculate the highest common factor of c and g.
4
Let p(q) = -80*q + 24. Let j be p(-1). What is the greatest common divisor of 26 and j?
26
Suppose 2*a + 1 + 1 = 0. Let j(h) = -3 - 3*h**2 + 5*h**2 + 2*h + 4 - 13*h**3. Let u be j(a). What is the highest common factor of u and 42?
14
Let q be 42/(-98) - 48/(-14). Suppose q*p - 210 + 39 = 0. What is the highest common factor of 38 and p?
19
Let a be ((-2)/3)/((-7)/21). Let v(l) = -l**2 - 4*l + 19. Let t be v(-5). Calculate the highest common divisor of a and t.
2
Let s(c) = -c**2 + 23*c - 108. Let z be s(15). Suppose 0 = -0*u + 4*u - 80. Suppose -2*j - 8 + u = 0. What is the greatest common divisor of z and j?
6
Suppose 5*n + 5*l - 83 = 147, 5*l = -4*n + 187. Suppose 2*r = n + 317. Calculate the highest common divisor of r and 20.
20
Let n(z) = -z**3 - 4*z**2 + 7*z + 17. Let l be n(-7). Calculate the greatest common factor of l and 46.
23
Let p = 30 + -19. Let z(v) = -p*v + 15*v + 2 + 2. Let i be z(4). What is the highest common factor of 100 and i?
20
Let u be (-1)/(-5) + (-406)/(-70). Suppose -x = -9 - u. What is the greatest common divisor of 5 and x?
5
Let n(o) = -5*o - 11. Let c be n(-6). Let b(h) = -30*h - 9. Suppose -3*t - 20 = -2. Let d be b(t). What is the highest common divisor of d and c?
19
Let b(p) = 18*p**2 - 2*p + 6. Suppose -9*s + 8*s + 9 = 0. Suppose -s*a = -7*a - 8. Let q be b(a). What is the highest common factor of 26 and q?
26
Let a be -2*(-1)/8*28. Let n be 69 + (1 - 1) + 1. Suppose 2*r = a*r - n. Calculate the greatest common divisor of r and 28.
14
Let r be 8/(-32) + 4/(48/14127). What is the highest common divisor of 11 and r?
11
Let g be -6*(-7)/((-21)/(-12)). Let y be 4/(g/(-30)) - -474. What is the greatest common factor of y and 67?
67
Let w be (3 + -5 - 2) + 4*9. Suppose 4*u = -2*q - q, -2*q = 5*u. Suppose -888 = -4*o + 4*v, v - 3*v + 4 = q. What is the highest common factor of o and w?
32
Let j(u) = -4*u**3 + u**2 - 6*u - 3. Let g = 59 - 62. Let q be j(g). Calculate the greatest common divisor of 12 and q.
12
Let y(m) = 9*m**2 - 18*m - 19. Let x be y(-1). What is the greatest common divisor of x and 40?
8
Let w = 6 - 3. Suppose w*i - 7 - 5 = 0. Let h be 32 - (2 - 2)/i. Calculate the highest common factor of 80 and h.
16
Let v(y) = -y**3 - 9*y**2 + 9*y - 95. Let k be v(-13). What is the greatest common factor of k and 16?
16
Let a be (-1221)/(-6) + (-12)/(-8). Let j = -61 + a. Let l be 24/2*15/10. Calculate the greatest common factor of l and j.
18
Let g be (3 - (0 + 185))/(51/(-51)). What is the greatest common factor of g and 234?
26
Suppose -3*o - 5*q = -2*q - 645, -400 = -2*o + 4*q. Let a = 85 - 129. Let b = -9 - a. What is the greatest common factor of o and b?
35
Let b(f) = -f - 1. Let l be b(-5). Let m be -1 + -2 - 201/(-3). Suppose -2*u = o - 20, -2*o = o + 5*u - m. Calculate the greatest common divisor of o and l.
4
Suppose 3*j + 684 = w + 7*j, -2*w + 1303 = -5*j. What is the highest common divisor of w and 8?
8
Let n = 3153 + -3070. What is the highest common factor of 1 and n?
1
Suppose -5*a - 15 = w + w, 0 = a + 5*w - 20. Let o(i) = 2*i**2 - 4*i + 2. Let y be o(a). What is the greatest common factor of 8 and y?
8
Suppose 0 = -2*h - g + 15, -5*h + 3*g + 11 = -54. What is the highest common divisor of h and 4?
2
Let v = 2236 - 1642. Calculate the highest common factor of v and 108.
54
Let p = -3 - 2. Let q be (-2)/p*(-2 - -47). Let r = -83 - -119. What is the highest common divisor of r and q?
18
Let n = 545 - 538. What is the highest common factor of 84 and n?
7
Let m = -234 + 421. What is the highest common divisor of 33 and m?
11
Let n be -2 - -15 - -4*(4 + -3). What is the highest common divisor of 85 and n?
17
Let l = -2 - -34. Suppose 6*x = 2*x + l. Let d = 12 + -11. What is the highest common divisor of x and d?
1
Let t = 5 - 8. Suppose 5*s - 3 = -r + 15, 3*r = 3*s + 36. Let m be 3/3 + r + t. What is the highest common divisor of 1 and m?
1
Let n be 7/(14/8) - -59. Calculate the highest common factor of n and 7.
7
Let b(i) = i**2 + 2*i - 3. Let l be b(-3). Let t(m) = -m**3 - m**2 - m + 3. Let h be t(l). Suppose h*u - u = 36. What is the highest common divisor of 3 and u?
3
Suppose -6*x = -2*x - 20, -168 = 2*d + 2*x. Let r = d + 95. Let m(n) = -n + 8. Let b be m(5). Calculate the highest common divisor of b and r.
3
Let z(y) = 2*y - 5. Let n be z(4). Let k(v) = v**3 + 8*v**2 - 10*v - 6. Let d be k(-9). Let i be (3 - 2)/(1/d). What is the highest common divisor of n and i?
3
Let h = 5 - -25. Calculate the highest common divisor of h and 6.
6
Suppose -4*a = -6*a + 8. Suppose -3*c = -a*r - 2, 2*c + 6 = -c. Let w = 11 - r. Calculate the highest common divisor of w and 13.
13
Suppose 0 = 3*i - i + m - 41, 3*m + 29 = 2*i. Let c(k) = -k**2 - k + 7. Let q be c(-8). Let l = q + 87. Calculate the greatest common divisor of i and l.
19
Suppose 348 = -4*u + 2*n + 894, 4*u + 3*n - 571 = 0. Let j = 179 - u. Calculate the greatest common factor of 280 and j.
40
Let p(d) = 7*d - 94. Let n be p(14). What is the greatest common divisor of n and 52?
4
Suppose h - 6*h = 2*c - 2, 3*h = -4*c - 10. Suppose h*b = b + 10. Let m be 101/5 - 2/b. Calculate the highest common factor of 80 and m.
20
Suppose -3*b + 39 + 39 = 0. Suppose -3*k + 31 = -8. Calculate the highest common factor of k and b.
13
Let k = 2650 - 1379. Calculate the highest common factor of k and 31.
31
Suppose -3*t + 5*z - 2*z + 84 = 0, -20 = 5*z. Suppose -4*r + 12 + t = 0. Let x be 9/(-3 + (-16)/(-4)). What is the greatest common divisor of x and r?
9
Suppose 2*v - 1837 = -5*a + v, a = v + 371. What is the highest common divisor of 69 and a?
23
Let j = 31 + -13. Suppose 0 = -2*w + 5*w - j. What is the greatest common factor of w and 6?
6
Let s(d) = -5*d - d**3 + 0*d**2 + 0 + 8*d**2 - 1. Let b be s(4). Let c = b + -29. Calculate the highest common factor of c and 7.
7
Let b = -58 + 968. Calculate the highest common divisor of 70 and b.
70
Suppose -9384 = -234*t + 165*t. Calculate the highest common factor of t and 144.
8
Let h be ((-33)/99)/((-1)/180). Calculate the highest common factor of h and 42.
6
Let l = 18 - 11. Let o be 3*(-4 - 144/(-27)). Calculate the greatest common factor of l and o.
1
Let l(o) = -o**2 + 3*o + 220. Let v be l(16). What is the greatest common factor of v and 116?
4
Let s(y) = 2*y + 2. Let o be s(-1). Suppose o*g - 2*g + 9 = 5*t, 0 = 4*g - 4*t - 60. What is the highest common divisor of 60 and g?
12
Suppose 69*x = 4504 + 3155. What is the greatest common factor of x and 370?
37
Let x = 67 - 23. Suppose -14*r + 100 = -9*r. Suppose -2*n - r = -7*n. What is the greatest common factor of x and n?
4
Let n = 130 - -35. Let v = -12 + 36. Let g = v + -9. What is the greatest common factor of g and n?
15
Let w = 473 + -469. What is the greatest common factor of 284 and w?
4
Suppose -12 = -x - 0. Let c be ((-123)/(-82) + (-54)/20)/(2/(-15)). Calculate the greatest common factor of c and x.
3
Let g = 411 + -190. Calculate the greatest comm